te number?
False
Let n(s) = 123*s**3 - 5*s**2 + s - 7. Is n(4) prime?
True
Suppose -4*n - 5*z + 242836 = 0, -43891 - 16788 = -n - 5*z. Is n a prime number?
True
Suppose j + 4502 = -5*m - 2*j, m + 5*j = -896. Let b(l) = -l**3 + 10*l**2 - 16*l - 14. Let a be b(12). Let k = a - m. Is k a composite number?
True
Let z = -203 - -233. Is ((-8025)/10 - -4)/((-3)/z) composite?
True
Let g = -91175 - -194944. Is g composite?
False
Let l = 13870 - -12681. Is l a composite number?
True
Let d(j) = j**3 - j + 347. Let n be 0/((-2 - 0)/2). Suppose n*z = -8*z. Is d(z) a composite number?
False
Let j = 50 - 50. Suppose -5*t - 4*i - 7108 - 11017 = 0, 4*t - 3*i + 14469 = j. Is ((-1)/3 - -1)/((-17)/t) a composite number?
True
Let v(t) = -t**2 + 15*t + 22. Let n be v(16). Suppose n*y + 3*y - 43893 = 0. Let b = y + -3380. Is b a composite number?
True
Suppose -13*j + 64098 = j - 72640. Is j a prime number?
True
Suppose 5*k - 3*k + 269 = 5*m, -3 = -3*m. Suppose -2*h = -59 - 1155. Let t = h - k. Is t a composite number?
False
Let z(s) = s**3 + 3*s**2 - 7*s - 4. Let d be z(-3). Suppose 0*l = -l + d. Suppose 0 = -l*u + 12*u + 2335. Is u composite?
False
Suppose 0 = 3*o + 4*b + 55 - 214, -4*o - 4*b = -208. Let x = 1856 + -986. Let i = o + x. Is i composite?
False
Let l(k) = -9*k + 99. Let b be l(11). Suppose 3*q - f - f = 8505, b = q - 2*f - 2839. Is q a prime number?
True
Let j(o) = -70*o - 1 + 13*o + 17*o. Suppose 4*w + 14 = -18. Is j(w) a prime number?
False
Is (10/(-26))/(6/(-10010442)) a prime number?
False
Suppose 10*j = j + 17253. Let v = 29 - j. Let y = -879 - v. Is y prime?
True
Let b be (-3 - -5) + (3 - 0). Suppose -b*h - 2136 = h. Let v = h - -627. Is v composite?
False
Let b(u) = -3*u**2 - 14*u - 13. Let s(h) = -4*h**2 - 21*h - 20. Let f(o) = -7*b(o) + 5*s(o). Let z be f(8). Is 0/(z/((-2)/4)) - -485 a composite number?
True
Let s(t) = -33*t**3 + 2*t - 3. Let k = 39 + -46. Let u be k - (4 + -6 + -1). Is s(u) prime?
False
Let m(a) = 12*a**3 - 49*a**2 + 63*a + 71. Is m(30) a composite number?
True
Let v = 1362002 - 272583. Is v composite?
True
Let m be 1*(0 + -9869) - 2. Is (m/(-3)*3)/(17/17) a composite number?
False
Let z = 98 - 60. Suppose z*v - 615 = 43*v. Is (-2 + 1)*-4 - v a prime number?
True
Let o(f) = -2*f**3 + 26*f**2 - 23*f - 10. Let d be o(12). Suppose -5*r - 23 = 2*q - 80, -49 = -d*q + 3*r. Is q prime?
False
Let h = 79414 - -253500. Is h a composite number?
True
Let o = 50 + -32. Let z be (9/o)/((5/6)/(-5)). Is (-3238 - z)/(-3 + 3 - 1) a prime number?
False
Suppose 22*z = 21*z + 20132. Let j = -9027 + z. Is j prime?
False
Let f = 43 + -40. Suppose -2*t - 17 = f. Is (-15)/t*(-574)/(-3) a prime number?
False
Suppose -5*c + 5*v = -159845, -5*v - 127872 = -17*c + 13*c. Is c prime?
True
Suppose 0 = 2*u - 4 - 2. Suppose 0 = -3*t - 4*b + 2284 + 661, -2946 = -u*t - 3*b. Is t*5/10*2 a composite number?
False
Let z(k) = -2*k. Let l(q) = -1049*q + 37. Let y(g) = l(g) - 5*z(g). Is y(-4) a prime number?
False
Suppose 20 = m + 5. Is -5*(-9)/m - -1540 prime?
True
Let g(s) = -2*s - 7. Let v be g(-13). Suppose -k - 5*b = k - 60, -3*b - v = -k. Let p = 92 - k. Is p prime?
True
Let s(r) = -347*r + 5. Let c be s(13). Let q be (c/30)/((-1)/5). Let u = q + 7. Is u prime?
False
Suppose -11*k + 606775 - 189083 = 0. Suppose 7*m - 29137 - k = 0. Is m a composite number?
False
Let o(w) = -1037*w**2 + 11*w - 60. Let f be o(5). Let s = -16319 - f. Is s a composite number?
True
Suppose -3*j - s + 121446 = 0, 5*j - 43*s = -40*s + 202424. Is j composite?
False
Let h(s) be the second derivative of 697*s**4/3 - s**3/6 + s**2 + s. Let c be h(1). Suppose 0 = 5*q - c - 606. Is q a composite number?
True
Let j(f) = 14*f - 165. Let a be j(12). Suppose 811 + 2278 = 2*q - a*x, 5*q - 3*x = 7718. Is q a composite number?
False
Let i = 393900 - 104669. Is i prime?
False
Let l = 77988 - -24151. Is l a composite number?
False
Let m = 78210 + -44551. Is m prime?
False
Let j(z) = -z**3 - 9*z**2 - 5*z + 13. Let k be j(-8). Let v be (-3)/(-4) + ((-55)/20)/k. Is (-737)/11*(-2 - v) prime?
False
Let d(p) = -27*p - 5*p - 5 + 23 + 5 + 14*p. Suppose b = -4*b - 30. Is d(b) a composite number?
False
Is ((-3)/(-12) - 0)*(-799688)/(26/(-13)) composite?
False
Suppose 0 = 5*z, -3*k + 4*k - 4 = z. Suppose -5*l = 3*g - 14497, -3*l + 0*g + k*g + 8675 = 0. Is l prime?
True
Is 4*(-809391)/(-308) - 12/21 prime?
False
Suppose -208*s = -212*s - 748. Let a = s - -1214. Is a prime?
False
Suppose 0 = -3*x - 9, 23*u - x = 21*u + 107101. Is u a prime number?
True
Let t = 187584 - 82895. Is t prime?
False
Let z(m) be the third derivative of -293*m**6/24 + m**3/6 - 22*m**2 + 3*m. Is z(-1) a composite number?
True
Let r be (-3)/(-1*(4 - 3)). Suppose -r*q + 7035 = -2*p, -2*p = -0*q - 4*q + 9380. Suppose 21*h = 26*h - q. Is h a prime number?
False
Suppose -6*g = -14*g - 177158 + 808830. Is g a composite number?
True
Suppose 387*l - 384*l - 4*o - 23953 = 0, -3*l + 3*o + 23949 = 0. Is l a prime number?
False
Let p(r) = -r + 17. Let g be p(14). Let f(j) = 6*j**2 - 11*j**2 - 13 - 6*j**3 - 4*j**g - 10*j. Is f(-4) prime?
True
Is (34 + -9 + 1986)/((-1)/(-73)) composite?
True
Suppose -540 = 9*y + 117. Let c = -72 - y. Is 674 - (0 + 0)/c a prime number?
False
Let r = -35 + 42. Let f(n) = 39*n**2 + 2*n - 44. Let w(m) = -26*m**2 - m + 29. Let i(z) = r*w(z) + 5*f(z). Is i(7) prime?
True
Suppose -4*i = 4, 2*x + 156 - 547 = -5*i. Let m = -32 + x. Suppose 7*h - m = 5*h. Is h composite?
False
Let h(n) = -259*n + 159157. Is h(0) a prime number?
True
Is (-5)/4*10/(-4)*9534752/740 prime?
False
Let t be 2/3 + 5 + 10/(-15). Suppose 2*c + 475 = -t*g, 4*c + 475 = -5*g - 0*c. Is ((-2)/3)/((-10)/30) - g composite?
False
Suppose 5*d + 6 = -54. Let g(y) = 16*y + 32. Let p be g(d). Let u = -47 - p. Is u a prime number?
True
Let f be 28/21*(-2)/(-8)*51. Suppose 0 = -f*m - m + 1422. Is m prime?
True
Let b = 40 - 35. Suppose b*d - 5046 = -4*h, -d + 1263 = h + d. Is h a composite number?
False
Let o be (-4)/(-14)*21/3. Let l be (21 + -21)/(1 + o*1). Is 1/(-1)*0 + (67 - l) a prime number?
True
Let r(n) = -n**2 - 16*n + 20. Let o be r(-10). Let d = o - -185. Is d prime?
False
Suppose -f + 5 = -5*c + 6, 0 = f + 5*c - 9. Suppose -f*h + 35271 = -3*x, -3*x - 44088 = 8*h - 13*h. Is h prime?
False
Suppose -5*l = -11*l - 69126. Let h = l + 19274. Is h a composite number?
False
Let o(w) = -w**2 - 7*w + 2. Let p be o(-7). Suppose p*g - g - 3 = 0. Suppose g*q + q = v + 168, q + v - 47 = 0. Is q a prime number?
True
Let h = 452 + -453. Suppose 3*o - 13 = -4*b + 1, 0 = -4*b + o + 22. Is (-1)/(4/h + b)*-3593 composite?
False
Let a = 70333 - 19938. Is ((-208)/(-40) - 5)*a a composite number?
False
Let a(j) = 463*j - 46. Let x(u) = -461*u + 47. Let k(p) = -6*a(p) - 5*x(p). Is k(-14) a composite number?
True
Let o(r) = -9*r - 67. Let k be o(-7). Let y be 260/(-28) + 2/7. Is (75/y + 1)*942/k composite?
True
Let i be 150*230/(-12)*(-44)/10. Suppose 2*g = -0*v + 4*v - i, 4*g = -4*v + 12656. Is v composite?
False
Let z = 151604 + 190251. Is z composite?
True
Let p be 0 + 1 + 4*34. Let c(f) = 4*f**2 + 18*f - 80. Let g be c(7). Let h = g + p. Is h a composite number?
False
Let o = -81316 - -199359. Is o prime?
True
Let o = 890430 + -38853. Is o a prime number?
False
Let o be 220/14 - (-18)/63. Is 105654/15*40/o composite?
False
Let r be (1 + -2)/(11 + 3474/(-315)). Suppose -25*q = -r*q + 13610. Is q a prime number?
True
Suppose -3*q + 1499861 = 5*w, 4*q = -692*w + 697*w - 1499847. Is w a composite number?
True
Suppose 5*w = -j - 0*w + 47933, -2*j + w = -95855. Suppose 38026 + j = 22*p. Is p prime?
True
Let x(y) = 219*y**2 + 16*y - 35. Suppose 30 = 4*k - 2. Is x(k) composite?
True
Let n(u) = -88210*u**3 - 7*u**2 - 68*u - 18. Is n(-5) a prime number?
True
Let s = 175627 + -113360. Is s prime?
False
Let u(p) = p**2 + 5*p - 19. Let l be u(-8). Suppose 3*w - 1 = -n + 14, l*n = -w + 5. Let d(b) = -3*b + 842. Is d(n) a composite number?
True
Suppose -4*z + 52364 = -5*c, 0*z - 3*z + 31416 = -3*c. Let v = 3910 - c. Is v prime?
False
Let p(g) = -7*g**2 + 1. Let n be p(-1). Let a(w) = 37*w + 25. Let i be a(n). Let m = 8 - i. Is m a prime number?
False
Let g(j) = j**3 + 13*j**2 + 24*j + 33. Let a be g(-11). Suppose 0 = a*o - 31073 - 24422. Is o composite?
True
Let k(n) = 13*n**3 + 33*n**2 